 (14 - 31 - -12) + (4 - (7 - 15)).
7
Evaluate 2 + (4 - (3 - 79)) + 66 + -36 + -22.
90
What is (23 - (6 - 11)) + -24 + (0 - 30)?
-26
What is -30 - (16 + (14 - -5) - 136)?
71
What is -7 + (7 - -4) + 0 - (-6 + -6)?
16
Calculate (15 + -1 - (-43 - -64)) + (-1 + 2 - -32).
26
What is the value of (-21 - ((-17 - -16) + -19) - 15) + -8?
-24
Evaluate 33 + (59 - 131) + 13 + -2.
-28
What is the value of ((8 - -4) + 4 - 41) + -21?
-46
What is the value of -20 + -3 + 4 + (-58 - -85) + 48?
56
Evaluate -1 + -1 + -14 - (-31 - (-77 - -42)).
-20
Evaluate -53 + 22 + 9 - 0.
-22
What is the value of -33 + (0 - (16 - 2) - (118 + (-21 - 108)))?
-36
What is the value of -52 + (54 - 93 - -91)?
0
Calculate -139 + (-84 - -138) + 5.
-80
Evaluate 208 + (-98 - 8) + -116.
-14
What is the value of (7 - 6) + (-1 - -66) + 154 + -105 + -45?
70
What is the value of (-55 + 103 - -105) + -220?
-67
What is -14 - (-23 + 31 + (8 - -3) + (-91 - -22))?
36
Calculate 20 + -4 + (22 - 29) + 78.
87
What is the value of 62 + -100 + 1 + 5 + (-3 - 5)?
-40
What is the value of (-2 - (2 - 25)) + (-1603 - -1549)?
-33
Calculate (-27 - (-157 - -26)) + (-9 - 2) + -1.
92
Calculate -378 + 290 + (49 - 2).
-41
Evaluate -12 - -117 - (-23 - -29).
99
Calculate 30 + (7 - 19) + (-2 - 18) + -18.
-20
17 - 11 - (2 + -29 + 0)
33
Calculate (-1440 - -1464) + (-1 - -61).
84
Evaluate (25 - (-28 - -74 - 20)) + -13 + 1.
-13
Calculate -29 + 63 - -30 - (-6 - -10 - (0 - 0)).
60
Calculate -13 - -21 - (-12 - (12 - 21)) - 23.
-12
-57 - (32 + -36 - 19)
-34
What is -253 - -266 - (-11 + 0 - (-6 - -8))?
26
(1 - 12) + (7 - (32 + -46))
10
What is (-227 - -190) + (-2 - -53)?
14
What is 12 - 14 - -17 - 18 - 14?
-17
Evaluate 64 - (76 + 2 - 70).
56
Calculate (15 - (-26 + 45)) + 7 + -22.
-19
Calculate -8 + 54 - 7 - (-2 - (-11 + (-6 - -9))).
33
What is 157 + -168 + 94 + -1 + -2 + 5 + -8?
77
Calculate (5 - -1) + (7617 - 7508).
115
37 + -1 - (-112 + (1 - -83))
64
What is -60 + 80 - (33 + (10 - 17) + 0)?
-6
What is 48 - (-3 + -7 + (0 - 5 - -18) + -10)?
55
(-1750 - -1572) + 4 + 49
-125
Evaluate 0 + 4 + -235 + 116 + 133.
18
What is the value of -3 + -93 + (-167 - -194)?
-69
What is the value of (-5 + 4 - (10 + -38 + 2)) + (-10 - 0)?
15
Calculate 47 + (-2 - 45) + -37.
-37
What is 7 - (1 + 2 - 52) - (214 + -228)?
70
Calculate (21 + -28 - 3) + -7 - -46.
29
What is the value of 135 - 135 - ((0 + -4 - -5) + -14)?
13
8 - -17 - (-57 + (1 - -19))
62
Calculate (-152 - -200) + (-23 - 2).
23
What is the value of -5 + -9 + (238 - 90 - 120)?
14
What is -9 + 48 - (-68 + 74 + -38)?
71
Calculate ((3 - -88) + -1 - 4) + 2.
88
What is the value of 20 - -1 - (1 + (5 + -27 - -17))?
25
What is the value of (0 + 10 - (22 - 45)) + (-5 - (-10 - -4))?
34
Evaluate 0 + (-1 + -3 + -1 - (-135 - -131)).
-1
What is the value of (78 - 137) + -59 - -60?
-58
What is the value of 23 + -125 + 42 + 0 + 13 + 1 + 9?
-37
What is -324 + 279 - (3 + -12)?
-36
34 + -17 - (12 + (101 - (-11 + 12)))
-95
What is the value of (-1 - 83) + 14 + (16 - 34) + 3?
-85
(-78 - -67) + 127 + (-19 - 1)
96
Evaluate 2 - ((-15 - 2) + -1) - -8.
28
4516 - 4665 - (2 - 74)
-77
45 - (-37 - (-81 - -51))
52
What is (153 - 191 - (17 + 1)) + 24?
-32
Calculate 13 + 0 + -10 - (33 + 36 + -14).
-52
Calculate 298 + -236 - (3 - -18) - (-2 + -13 + 5).
51
88 + (-61 - -45) - (-3 - -17)
58
Evaluate -83 - 45 - ((-24 + 5 - -25) + (0 - 2)).
-132
Evaluate (-29 - (-5 - -21)) + (21 - 1).
-25
Evaluate 105 - (105 - (-59 - -48)).
-11
What is the value of -31 + -64 + (-25 - -88)?
-32
Evaluate 1 + 1 + 2 + (16 - (1 - -47 - 17)).
-11
Evaluate 43 + (-34 - -15) - (4 + -3 + 2).
21
Evaluate -20 + (37 - 10) + -26 + 89.
70
(-34 - -70) + -76 + 2
-38
Evaluate (2 - -2 - (48 - -3)) + -5169 + 5178.
-38
What is the value of (7 - (27 + 14 + -52)) + 56?
74
What is the value of 205 + -207 - ((12 - (-1 - -1)) + 1)?
-15
What is 57 + (-24 - (43 - 13))?
3
Calculate 4611 + -4523 + 3 + -1 + -20.
70
What is 3006 - 3069 - (4 + -119)?
52
What is the value of (-7 - (2 + -10)) + 97 + -129?
-31
Calculate 10 + -200 + 209 + -26 + 0.
-7
(-5 + (34 - -11) - -7) + 48
95
What is the value of -41 + (-45 - (-60 - 12))?
-14
What is (-67 - (-20 + (39 - 27))) + 31?
-28
343 - 326 - (-1 + -3 + 65)
-44
-312 + 383 - (-1 + 25) - (0 - 15)
62
What is 108 + (-289 - -90 - -27)?
-64
What is (-2 - (-12 - (-12 - -21 - 32))) + -16?
-29
774 + -792 + -32 + 2
-48
What is the value of 10 + (-1 + (-3 - -3) - 7) + (-12 - -47)?
37
What is the value of 13 + (-24 + 17 - -19 - (-69 - (4 + -1)))?
97
What is the value of -36 - (-80 + 8 - -24) - 35?
-23
What is -10 + (40 - (-10 - -13)) + -14 + (1 - -75)?
89
What is 8 + (-5 - (-6 + 1 - -7)) + 6 + 38?
45
Evaluate -279 + 229 - (-20 + -1).
-29
What is -1436 + 1451 - (36 - -3 - 1)?
-23
What is (-34 - 38) + 119 - 94?
-47
What is 46 + -16 + -21 + -1?
8
452 + -458 + (16 - -1) + 0 + -2 + -32
-23
(-2 - -12) + (-103 - 20)
-113
What is the value of (-17 - 8) + 25 - (13 + -1 + (-4 - 0))?
-8
What is the value of 17 - (26 + 0 - (691 + -628))?
54
Calculate (-10 - -2) + 3 + -2 + 5 + -18.
-20
What is the value of 0 - -21 - (106 + (27 - 61) + 31)?
-82
What is the value of (-31 - (-233 - -185)) + 2 + 108?
127
(275384 - 275403) + (-1 - 43) + 0
-63
What is the value of 14 - 12 - (3 - -5 - (-20 + 16))?
-10
Evaluate -82 + 6 - 164 - -112.
-128
Evaluate 144 - (-15 - 29 - (-85 - 4)).
99
What is the value of -87 + 2 + -14 + (2 - (-13 + 18))?
-102
What is the value of 1 + (15 - 22) + -18?
-24
-167 + (98 - 9) - 20
-98
What is the value of -22 - (-82 + 61 - (6 - 4))?
1
What is 15 + 2 + (36 - 11)?
42
-59 - (-82 - -39 - -4)
-20
(627 - 642) + (1 - -43) + -31
-2
(-6 - (4 - 7)) + (20 - (9 - -24))
-16
16 + -7 - -6 - -15 - 121
-91
What is the value of 2 + -4 + -63 - (-11 + -71 + 98)?
-81
What is the value of 4 - (-3 + -8) - (5 + -2)?
12
What is the value of (87 - 29) + -50 + 1?
9
(-7 - -9) + 8 + (12 - 7) + -4
11
Calculate 2 - 51 - (3 - 3 - -6 - 16).
-39
What is the value of 1 - -26 - (3 - 47 - (25 + -77))?
19
What is 27 - -1 - (-1 + -1 + 14)?
16
1294 + -1314 - (11 - 51)
20
Evaluate -335 + (278 - -46) + -4 + -1.
-16
What is the value of 1010 + -1075 + -6 + 82?
11
Evaluate 5 - 5 - ((13 - 3) + 49 + -52 + 47).
-54
What is 2 - 10 - (3 - (13 + -3 - -11)) - 18?
-8
What is the value of (-1 + -1 - -21) + (240 - 132) + -93?
34
What is the value of 82 - (38 + -6 - 11) - 0?
61
What is the value of 81 - (37 + 5 - (51 + 22))?
112
Evaluate 52 - (-3 + 13) - (6 - 15 - -12).
39
What is the value of -6020 - -6119 - (1 - -44)?
54
(6 + 0 - -67 - (1 + 14)) + (-7 - 1)
50
What is the value of -1 + 127 + (1823 - 1802 - (13 + (4 - 6)))?
136
(-45 - 10) + (95 - 1)
39
What is the value of 55 + 79 + 1 + -62?
73
12 + 1 + (-18 - -24 - 9) + -20 + 9
-1
Evaluate -59 + (130 - 28) - -27.
70
Calculate 9 + (84 - (-2 - -2)) + (-13 + 3 - -10).
93
What is 2 + 1 + 0 - -42 - (20 + -31 - -21)?
35
-11 + 3 + (2 - 1) + 601 + -504 - -13
103
What is the value of -100 - (-91 + 26) - -68?
33
Calculate 178 + -329 + 129 + (-18 - 1).
-41
Evaluate 71 + -37 + 8 + -8.
34
What is the value of 3 + 27 - ((-3 - 3) + 5) - -7?
38
What is (-5 - 2) + (3 - -17 - (9 - -6))?
-2
What is the value of -21 - (15 + -20 - -17 - -12)?
-45
Evaluate -33 + (46 - (36 + 28)).
-51
-96 + 44 + (73 - 1)
20
Evaluate -18 - (-9 - (-22 + 11 - 0) - 14).
-6
What is the value of -56 - (-53 + -63 + 17)?
43
-76 + (302 - 69 - 152)
5
What is the value of -135 + 112 + (-1 - 1) + -84 + -13?
-122
Evaluate 10 - (-18 - ((14 - 68) + -9)).
-35
Evaluate -13 + (13 + -3 + -6 - -5) - 43.
-47
Evaluate 24 + (-9 - 1) + -116 + 71.
-31
What is -6 + 10 - 6 - -43 - (-47 + 41)?
47
What is the value of -12 + (8 + 8 + -2 - (16 - -14))?
-28
What is 10 - (111 - (-15 + (11 - -1) + 8))?
-96
What is the value of (-76 - 2) + (1785 - 1725)?
-18
What is -33 + 16 + -15 + -5?
-37
What is 6 - (-51 + 37) - (-1 + 3)?
18
Evaluate -202 + 195 + (-1 - (-44 - -1)).
35
(-266 - -304 - ((-1 - 1) + 20)) + -74
-54
What is the value of -21 - -41 - ((0 - 3) + (-30 - (18 - 40)))?
31
Evaluate 167 - (119 + (-72 - -35)).
85
Calculate -24 + 0 + (33 - (4 + 33)).
-28
Evaluate -21 + (13 + 1 - (38 - (-26 + 55))).
-16
What is (-17 - (12 + (-12 - 6) + -12)) + (0 - 23)?
-22
Evaluate -3 + -3 + -25 - (-21 - -9).
-19
22 - (49 - (-30 + 22))
-35
What is (7 - 9) + 36 - (3 + 2 + -6)?
35
What is 0 - 0 - (-5 + 6) - (0 + 4 + -12)?
7
What is th